{"id":1508,"date":"2019-05-13T14:09:46","date_gmt":"2019-05-13T12:09:46","guid":{"rendered":"http:\/\/www.hotel-konopiste.cz\/?page_id=1508"},"modified":"2026-02-18T12:57:42","modified_gmt":"2026-02-18T11:57:42","slug":"balicky","status":"publish","type":"page","link":"https:\/\/www.hotel-konopiste.cz\/en\/balicky\/","title":{"rendered":""},"content":{"rendered":"<h2 style=\"text-align: center;\"><b>AKCE v okol\u00ed hotelu v roce 2026<\/b><\/h2>\n<p>2. &#8211; 3.5.&nbsp;&nbsp;<strong>Klubov\u00e1 v\u00fdstava chrt\u016f<\/strong> &#8211; are\u00e1l Hotelu Konopi\u0161t\u011b Nov\u00e1 Myslivna<\/p>\n<p>22.5.&nbsp;&nbsp;<strong>RETRO DISCO &#8211;&nbsp;<\/strong>Hotel Konopi\u0161t\u011b Nov\u00e1 Myslivna &#8211; DJ Mirek Mach\u00e1\u010dek<\/p>\n<p>30.5.&nbsp; <strong>Koncert Radia Blan\u00edk<\/strong> &#8211; p\u0159\u00edrodn\u00ed amfite\u00e1tr Konopi\u0161t\u011b<\/p>\n<p>13. &#8211; 14.6.&nbsp; <strong>Klubov\u00e1 v\u00fdstava jezev\u010d\u00edk\u016f<\/strong> &#8211; are\u00e1l hotelu Konopi\u0161t\u011b Nov\u00e1 Myslivna<\/p>\n<p>27.6.&nbsp; <strong>&nbsp;Koncert KEKS 45<\/strong> &#8211; p\u0159\u00edrodn\u00ed amfite\u00e1tr Konopi\u0161t\u011b<\/p>\n<p>18.7. &#8211; <strong>Klubov\u00e1 v\u00fdstava pudl\u016f<\/strong> &#8211; are\u00e1l hotelu Konopi\u0161t\u011b Nov\u00e1 Myslivna<\/p>\n<p>22.8. &#8211; <strong>Rock in konopi\u0161t\u011b<\/strong><\/p>\n<p>&nbsp;<\/p>\n<p>&nbsp;<\/p>\n<p>&nbsp;<\/p>\n<p>&nbsp;<\/p>\n<p>&nbsp;<\/p>\n","protected":false},"excerpt":{"rendered":"<p>AKCE v okol\u00ed hotelu v roce 2026 2. &#8211; 3.5.&nbsp;&nbsp;Klubov\u00e1 v\u00fdstava chrt\u016f &#8211; are\u00e1l Hotelu Konopi\u0161t\u011b Nov\u00e1 Myslivna 22.5.&nbsp;&nbsp;RETRO DISCO &#8211;&nbsp;Hotel Konopi\u0161t\u011b Nov\u00e1 Myslivna &#8211; DJ Mirek Mach\u00e1\u010dek 30.5.&nbsp; Koncert Radia Blan\u00edk &#8211; p\u0159\u00edrodn\u00ed amfite\u00e1tr Konopi\u0161t\u011b 13. &#8211; 14.6.&nbsp; Klubov\u00e1 v\u00fdstava jezev\u010d\u00edk\u016f &#8211; are\u00e1l hotelu Konopi\u0161t\u011b Nov\u00e1 Myslivna 27.6.&nbsp; &nbsp;Koncert KEKS 45 &#8211; p\u0159\u00edrodn\u00ed amfite\u00e1tr [&hellip;]<\/p>\n","protected":false},"author":4,"featured_media":0,"parent":0,"menu_order":0,"comment_status":"closed","ping_status":"closed","template":"","meta":{"ngg_post_thumbnail":0,"footnotes":""},"class_list":["post-1508","page","type-page","status-publish","hentry","post"],"translation":{"provider":"WPGlobus","version":"3.0.0","language":"en","enabled_languages":["cz","en"],"languages":{"cz":{"title":false,"content":true,"excerpt":false},"en":{"title":false,"content":false,"excerpt":false}}},"_links":{"self":[{"href":"https:\/\/www.hotel-konopiste.cz\/en\/wp-json\/wp\/v2\/pages\/1508","targetHints":{"allow":["GET"]}}],"collection":[{"href":"https:\/\/www.hotel-konopiste.cz\/en\/wp-json\/wp\/v2\/pages"}],"about":[{"href":"https:\/\/www.hotel-konopiste.cz\/en\/wp-json\/wp\/v2\/types\/page"}],"author":[{"embeddable":true,"href":"https:\/\/www.hotel-konopiste.cz\/en\/wp-json\/wp\/v2\/users\/4"}],"replies":[{"embeddable":true,"href":"https:\/\/www.hotel-konopiste.cz\/en\/wp-json\/wp\/v2\/comments?post=1508"}],"version-history":[{"count":34,"href":"https:\/\/www.hotel-konopiste.cz\/en\/wp-json\/wp\/v2\/pages\/1508\/revisions"}],"predecessor-version":[{"id":1754,"href":"https:\/\/www.hotel-konopiste.cz\/en\/wp-json\/wp\/v2\/pages\/1508\/revisions\/1754"}],"wp:attachment":[{"href":"https:\/\/www.hotel-konopiste.cz\/en\/wp-json\/wp\/v2\/media?parent=1508"}],"curies":[{"name":"wp","href":"https:\/\/api.w.org\/{rel}","templated":true}]}}

<h2 style="text-align: center;"><b>AKCE v okolí hotelu v roce 2026</b></h2>
<p>2. &#8211; 3.5.&nbsp;&nbsp;<strong>Klubová výstava chrtů</strong> &#8211; areál Hotelu Konopiště Nová Myslivna</p>
<p>22.5.&nbsp;&nbsp;<strong>RETRO DISCO &#8211;&nbsp;</strong>Hotel Konopiště Nová Myslivna &#8211; DJ Mirek Macháček</p>
<p>30.5.&nbsp; <strong>Koncert Radia Blaník</strong> &#8211; přírodní amfiteátr Konopiště</p>
<p>13. &#8211; 14.6.&nbsp; <strong>Klubová výstava jezevčíků</strong> &#8211; areál hotelu Konopiště Nová Myslivna</p>
<p>27.6.&nbsp; <strong>&nbsp;Koncert KEKS 45</strong> &#8211; přírodní amfiteátr Konopiště</p>
<p>18.7. &#8211; <strong>Klubová výstava pudlů</strong> &#8211; areál hotelu Konopiště Nová Myslivna</p>
<p>22.8. &#8211; <strong>Rock in konopiště</strong></p>
<p>&nbsp;</p>
<p>&nbsp;</p>
<p>&nbsp;</p>
<p>&nbsp;</p>
<p>&nbsp;</p>

<p>AKCE v okolí hotelu v roce 2026 2. &#8211; 3.5.&nbsp;&nbsp;Klubová výstava chrtů &#8211; areál Hotelu Konopiště Nová Myslivna 22.5.&nbsp;&nbsp;RETRO DISCO &#8211;&nbsp;Hotel Konopiště Nová Myslivna &#8211; DJ Mirek Macháček 30.5.&nbsp; Koncert Radia Blaník &#8211; přírodní amfiteátr Konopiště 13. &#8211; 14.6.&nbsp; Klubová výstava jezevčíků &#8211; areál hotelu Konopiště Nová Myslivna 27.6.&nbsp; &nbsp;Koncert KEKS 45 &#8211; přírodní amfiteátr [&hellip;]</p>
